n base 12, what is 7 + 31878?
31883
In base 4, what is 2 - 1303001?
-1302333
In base 3, what is -10 - -2110221201?
2110221121
In base 6, what is -5252 - 231?
-5523
In base 3, what is 221012110012 - 2?
221012110010
In base 14, what is 3 + 6d9bd?
6d9c2
In base 6, what is 314 + -4335?
-4021
In base 7, what is 16 + -14116?
-14100
In base 4, what is 2 + 2233023101?
2233023103
In base 9, what is -3 + 118507?
118504
In base 10, what is -349 + 311?
-38
In base 7, what is 446 - 1210?
-431
In base 15, what is -2c + c96d?
c941
In base 9, what is -113041 + -6?
-113047
In base 10, what is -5 - 9131?
-9136
In base 9, what is 3 - -34537?
34541
In base 14, what is -12 - -c70?
c5c
In base 5, what is 400241 + -24?
400212
In base 5, what is -424 - 4230?
-10204
In base 3, what is 211 - 21200000?
-21122012
In base 4, what is 10 + -30113300?
-30113230
In base 5, what is 14314 - -2043?
21412
In base 10, what is 3356 + 9?
3365
In base 11, what is 18 - -46a?
487
In base 5, what is 410043 - 0?
410043
In base 10, what is 42 + 114?
156
In base 13, what is 5 + 31a5b?
31a63
In base 12, what is 0 - -6103?
6103
In base 13, what is -3 - 457bc?
-457c2
In base 10, what is 29 - -4587?
4616
In base 11, what is -3 + 318101?
3180a9
In base 12, what is -75056 - 3?
-75059
In base 16, what is -4 - -166250?
16624c
In base 7, what is -4 + -204621?
-204625
In base 2, what is 11000 + -110010111?
-101111111
In base 2, what is -101100011111 - -1?
-101100011110
In base 6, what is 101550 - 234?
101312
In base 16, what is -9fc + 9?
-9f3
In base 12, what is -12 + -75248?
-7525a
In base 16, what is -9ba + 16?
-9a4
In base 8, what is 161051 + 5?
161056
In base 4, what is 23012 - 120?
22232
In base 6, what is 15 - 1224240?
-1224221
In base 15, what is 0 + -bba40?
-bba40
In base 9, what is 47320 + -14?
47305
In base 13, what is 43 - 2138?
-20c5
In base 7, what is 61150 - 501?
60346
In base 9, what is -7555 - 4?
-7560
In base 3, what is 20 - 2101100?
-2101010
In base 14, what is -2 + 6b497?
6b495
In base 16, what is -3 + -d338?
-d33b
In base 12, what is -91 + -44?
-115
In base 7, what is -114 - -506?
362
In base 8, what is -1 + 65531?
65530
In base 16, what is -2e + e33?
e05
In base 13, what is -39 + -b51?
-b8a
In base 10, what is -3 + 3035?
3032
In base 14, what is -27b2178 + 1?
-27b2177
In base 13, what is -131483 - -2?
-131481
In base 15, what is 5 - -51d4?
51d9
In base 11, what is -2222a - 14?
-22243
In base 4, what is -111313 + 312?
-111001
In base 8, what is 12 + 1147?
1161
In base 16, what is 1 + -2856?
-2855
In base 7, what is 4245 - -1221?
5466
In base 5, what is -130323 + -31?
-130404
In base 4, what is -32102212 - 113?
-32102331
In base 12, what is 65835a + 4?
658362
In base 13, what is -55 - -729?
6a4
In base 3, what is -21020 + 2010102?
1212012
In base 15, what is -1c - 1672?
-168e
In base 15, what is 91056 - 5?
91051
In base 4, what is -1030213202 + 3?
-1030213133
In base 9, what is -4048 + 64?
-3874
In base 5, what is 2 + -4242421?
-4242414
In base 2, what is 111101100 - -100011001101?
101010111001
In base 3, what is 1122 + 200200220?
200202112
In base 15, what is -180 + -7a3?
-933
In base 15, what is 6d40 - -4?
6d44
In base 4, what is -101321 + 3333?
-31322
In base 15, what is 38 - -70c?
745
In base 4, what is 1 - 131303311?
-131303310
In base 10, what is -10397 + 4?
-10393
In base 11, what is 10 - 20215?
-20205
In base 16, what is -18d24 - -4?
-18d20
In base 15, what is -ce82 - -1?
-ce81
In base 14, what is 745 + -3?
742
In base 12, what is 146 + 365?
4ab
In base 9, what is -35 + 160405?
160360
In base 4, what is -20101101 + -121?
-20101222
In base 13, what is 311b9 - -1?
311ba
In base 8, what is 2 + 26715?
26717
In base 3, what is 12012022 - -11101?
12100200
In base 5, what is -23012123 - 1?
-23012124
In base 3, what is -1021021212211 + 2?
-1021021212202
In base 6, what is -11350 + 51?
-11255
In base 8, what is -51115 - 5?
-51122
In base 7, what is -4 - 63510?
-63514
In base 9, what is 365 + -3516?
-3141
In base 14, what is 5b + -2c?
2d
In base 4, what is -202130031 + 3?
-202130022
In base 9, what is -816 + -2243?
-3160
In base 8, what is -6343 - 23?
-6366
In base 14, what is b9d02 - -3?
b9d05
In base 16, what is 12c - -58e?
6ba
In base 11, what is -28044 + 5?
-2803a
In base 2, what is 11100000010 - -1010111?
11101011001
In base 6, what is -1034 - -5443?
4405
In base 8, what is -32557 - -6?
-32551
In base 9, what is -5415674 - 0?
-5415674
In base 12, what is -5 - -1497b?
14976
In base 8, what is -5 + 1263342?
1263335
In base 16, what is -a2 - 11b?
-1bd
In base 5, what is 324 + 44304?
100133
In base 13, what is 3 + 62817?
6281a
In base 6, what is 22334 - 4443?
13451
In base 13, what is 60b21 + -6?
60b18
In base 5, what is 1224240 - 11?
1224224
In base 4, what is 12210212 + -20?
12210132
In base 10, what is 5 + -32984?
-32979
In base 13, what is 281 - -1c9?
47a
In base 13, what is -1867 + 4?
-1863
In base 2, what is 1011110 + -101011001?
-11111011
In base 9, what is 20142 + -1?
20141
In base 3, what is -11 - -210011120100?
210011120012
In base 9, what is 4303 - 0?
4303
In base 6, what is -5 - -25102024?
25102015
In base 9, what is -3 + -15807?
-15811
In base 9, what is 3 + -58310?
-58306
In base 7, what is -1 - 601232?
-601233
In base 8, what is 1006 - -276?
1304
In base 13, what is 1b280 - -3?
1b283
In base 7, what is 2266 + -215?
2051
In base 8, what is 4413 + -1?
4412
In base 15, what is 7 + -127e?
-1277
In base 2, what is 11011000 + 11100001110010?
11100101001010
In base 15, what is 2b9c3 - 5?
2b9bd
In base 4, what is 323230 - 10?
323220
In base 10, what is 1989349 + -4?
1989345
In base 12, what is -3 - 3233?
-3236
In base 11, what is 5 - -4347?
4351
In base 10, what is 0 - 783237?
-783237
In base 2, what is 101011110000 + 100000000?
101111110000
In base 6, what is -153043 - -4?
-153035
In base 16, what is f98f + 2b?
f9ba
In base 10, what is 5 - -9477?
9482
In base 15, what is 14c8 + -c?
14bb
In base 12, what is -112a + 20?
-110a
In base 14, what is 5 - -118592?
118597
In base 14, what is 2 + 1983d2?
1983d4
In base 11, what is 35494 + 0?
35494
In base 14, what is -477454 + 0?
-477454
In base 7, what is -1615426 + -2?
-1615431
In base 5, what is 10 + -101342?
-101332
In base 11, what is 0 + -3063?
-3063
In base 13, what is -218 + 5275?
505a
In base 9, what is 16888 + -1?
16887
In base 16, what is 20 - -265?
285
In base 11, what is 1402661 + -4?
1402658
In base 8, what is -1314 + 12162?
10646
In base 14, what is -5 - 16c8a?
-16c91
In base 2, what is 1001001010 + 1000011101?
10001100111
In base 7, what is 1021245 - -5?
1021253
In base 4, what is -111020 + -111?
-111131
In base 3, what is 20 - 2202012111?
-2202012021
In base 15, what is 8 - 94e4?
-94db
In base 6, what is -2444 + 520?
-1524
In base 11, what is -9889 - -151?
-9738
In base 6, what is 10020 - 40?
5540
In base 4, what is 11 + -112102011?
-112102000
In base 3, what is -20 - -110202?
110112
In base 5, what is 3020 + 1413?
4433
In base 5, what is -2 + -241324324?
-241324331
In base 7, what is 164 - 346?
-152
In base 6, what is -202035 + 14?
-202021
In base 15, what is -5 - -63e8?
63e3
In base 7, what is -2 + 142000?
141665
In base 5, what is -2324424 - 0?
-2324424
In base 7, what is -244 + -4116?
-4363
In base 4, what is 30103111 + 23?
30103200
In base 15, what is -314 + 6?
-30d
In base 7, what is -64 + -111006?
-111103
In base 9, what is -5 - -1110?
1104
In base 10, what is 56546 + -1?
56545
In base 3, what is 121001 + 111?
121112
In base 2, what is 110 - 11011111000101?
-11011110111111
In base 16, what is -4501 + 1a?
-44e7
In base 6, what is -113134 + -4?
-113142
In base 2, what is 1000111 + -1001100?
-101
In base 11, what is 123 + 284?
3a7
In base 6, what is 5 - -10555305?
10555314
In base 8, what is 5 - -216327?
216334
In base 11, what is -1473406 - -4?
-1473402
In base 8, what is -4 - -12175?
12171
In base 4, what is -3033011 - -331?
-3032020
In base 6, what is 14 + 23540?
23554
In base 14, what is -b4 - -11a?
46
In base 16, what is -3d43 + -1a?
-3d5d
In base 9, what is -5420 - 0?
-5420
In base 12, what is -9a76a6 - -2?
-9a76a4
In base 9, what is 225617 + 0?
225617
In base 12, what is -8b - 25?
-b4
In base 2, what is 11110110010000011 - 100?
11110110001111111
In base 2, what is 1 + 100101111011000010?
1001011110110